{"id":485,"date":"2015-10-15T11:43:07","date_gmt":"2015-10-15T09:43:07","guid":{"rendered":"http:\/\/localhost\/old.pacud.pl\/?page_id=485"},"modified":"2016-07-08T21:53:57","modified_gmt":"2016-07-08T19:53:57","slug":"czestochowa","status":"publish","type":"page","link":"https:\/\/old.pacud.pl\/index.php\/departments\/czestochowa\/","title":{"rendered":"Cz\u0119stochowa"},"content":{"rendered":"<p style=\"text-align: center;\"><iframe loading=\"lazy\" style=\"border: 0; float: right;\" src=\"https:\/\/www.google.com\/maps\/embed?pb=!1m18!1m12!1m3!1d2521.2267993445193!2d19.107728899999998!3d50.8084365!2m3!1f0!2f0!3f0!3m2!1i1024!2i768!4f13.1!3m3!1m2!1s0x4710b5d9321b3177%3A0xcc42f7ac80f04a36!2sRados%C5%82aw+Pacud+%26+Radcowie+Prawni.+Kancelaria+prawa+gospodarczego+i+ubezpieczeniowego.+Pacud+R.!5e0!3m2!1spl!2spl!4v1437043578822\" width=\"100%\" height=\"300\" allowfullscreen=\"allowfullscreen\"><\/iframe><\/p>\n<p>&nbsp;<\/p>\n<p style=\"text-align: center;\"><strong>Kancelaria Prawa Gospodarczego<br \/>\ni Ubezpieczeniowego<\/strong><br \/>\n<strong> Rados\u0142aw Pacud &amp; Radcowie Prawni<\/strong><br \/>\n<strong>Biuro Obs\u0142ugi Klienta<\/strong><\/p>\n<p style=\"text-align: center;\">ul. Kopernika 42 lok. 1<br \/>\n42-200 Cz\u0119stochowa<br \/>\ntel.\/fax: +48 34 324 22 42<br \/>\nkom. +48 660 426 484<br \/>\ne-mail: <a href=\"mailto:kancelaria@kpgiu.pl\">kancelaria@kpgiu.pl<\/a><\/p>\n<p style=\"text-align: center;\">NIP 573\u2013218\u201336-46<\/p>\n<p style=\"text-align: center;\"><b>Open Mon.- Fri. 8.00 &#8211; 16.00<\/b><\/p>\n<p><\/p>\n<p>&nbsp;<\/p>\n<div class=\"album\" ><div class=\"foto\"><a href=\"\/wp-content\/uploads\/2015\/07\/czwa1.jpg\"><img loading=\"lazy\" src=\"\/wp-content\/uploads\/2015\/07\/czwa1-190x130.jpg\" alt=\"czwa1\" width=\"190\" height=\"130\" class=\"alignnone size-thumbnail wp-image-162\" \/><\/a><a href=\"\/wp-content\/uploads\/2015\/07\/czwa2.jpg\"><img loading=\"lazy\" src=\"\/wp-content\/uploads\/2015\/07\/czwa2-190x130.jpg\" alt=\"czwa2\" width=\"190\" height=\"130\" class=\"alignnone size-thumbnail wp-image-163\" \/><\/a><a href=\"\/wp-content\/uploads\/2015\/07\/czwa3.jpg\"><img loading=\"lazy\" src=\"\/wp-content\/uploads\/2015\/07\/czwa3-190x130.jpg\" alt=\"czwa3\" width=\"190\" height=\"130\" class=\"alignnone size-thumbnail wp-image-164\" \/><\/a><a href=\"\/wp-content\/uploads\/2015\/07\/czwa4.jpg\"><img loading=\"lazy\" src=\"\/wp-content\/uploads\/2015\/07\/czwa4-190x130.jpg\" alt=\"czwa4\" width=\"190\" height=\"130\" class=\"alignnone size-thumbnail wp-image-165\" \/><\/a><\/div><\/div>\n","protected":false},"excerpt":{"rendered":"<p>&nbsp; Kancelaria Prawa Gospodarczego i Ubezpieczeniowego Rados\u0142aw Pacud &amp; Radcowie Prawni Biuro Obs\u0142ugi Klienta ul. Kopernika 42 lok. 1 42-200 Cz\u0119stochowa tel.\/fax: +48 34 324 22 42 kom. +48 660 426 484 e-mail: kancelaria@kpgiu.pl NIP 573\u2013218\u201336-46 Open Mon.- Fri. 8.00 &#8211; 16.00 &nbsp;<\/p>\n","protected":false},"author":1,"featured_media":0,"parent":483,"menu_order":0,"comment_status":"open","ping_status":"open","template":"page-english.php","meta":[],"_links":{"self":[{"href":"https:\/\/old.pacud.pl\/index.php\/wp-json\/wp\/v2\/pages\/485"}],"collection":[{"href":"https:\/\/old.pacud.pl\/index.php\/wp-json\/wp\/v2\/pages"}],"about":[{"href":"https:\/\/old.pacud.pl\/index.php\/wp-json\/wp\/v2\/types\/page"}],"author":[{"embeddable":true,"href":"https:\/\/old.pacud.pl\/index.php\/wp-json\/wp\/v2\/users\/1"}],"replies":[{"embeddable":true,"href":"https:\/\/old.pacud.pl\/index.php\/wp-json\/wp\/v2\/comments?post=485"}],"version-history":[{"count":5,"href":"https:\/\/old.pacud.pl\/index.php\/wp-json\/wp\/v2\/pages\/485\/revisions"}],"predecessor-version":[{"id":775,"href":"https:\/\/old.pacud.pl\/index.php\/wp-json\/wp\/v2\/pages\/485\/revisions\/775"}],"up":[{"embeddable":true,"href":"https:\/\/old.pacud.pl\/index.php\/wp-json\/wp\/v2\/pages\/483"}],"wp:attachment":[{"href":"https:\/\/old.pacud.pl\/index.php\/wp-json\/wp\/v2\/media?parent=485"}],"curies":[{"name":"wp","href":"https:\/\/api.w.org\/{rel}","templated":true}]}}