{"id":66,"date":"2015-07-13T12:46:30","date_gmt":"2015-07-13T10:46:30","guid":{"rendered":"http:\/\/localhost\/old.pacud.pl\/?page_id=66"},"modified":"2015-08-25T12:11:47","modified_gmt":"2015-08-25T10:11:47","slug":"samorzad-terytorialny-i-ngo","status":"publish","type":"page","link":"https:\/\/old.pacud.pl\/index.php\/oferta\/samorzad-terytorialny-i-ngo\/","title":{"rendered":"samorz\u0105d i organizacje pozarz\u0105dowe"},"content":{"rendered":"<ul>\n<li>Przygotowanie opinii prawnych;<\/li>\n<li>Opracowywanie um\u00f3w, statut\u00f3w, regulamin\u00f3w;<\/li>\n<li>Doradztwo podatkowe;<\/li>\n<li>Reprezentacja przed S\u0105dami i organami administracyjnymi;<\/li>\n<li>Audyty prawne sp\u00f3\u0142ek komunalnych;<\/li>\n<\/ul>\n","protected":false},"excerpt":{"rendered":"<p>Przygotowanie opinii prawnych; Opracowywanie um\u00f3w, statut\u00f3w, regulamin\u00f3w; Doradztwo podatkowe; Reprezentacja przed S\u0105dami i organami administracyjnymi; Audyty prawne sp\u00f3\u0142ek komunalnych;<\/p>\n","protected":false},"author":1,"featured_media":0,"parent":20,"menu_order":0,"comment_status":"open","ping_status":"closed","template":"","meta":[],"_links":{"self":[{"href":"https:\/\/old.pacud.pl\/index.php\/wp-json\/wp\/v2\/pages\/66"}],"collection":[{"href":"https:\/\/old.pacud.pl\/index.php\/wp-json\/wp\/v2\/pages"}],"about":[{"href":"https:\/\/old.pacud.pl\/index.php\/wp-json\/wp\/v2\/types\/page"}],"author":[{"embeddable":true,"href":"https:\/\/old.pacud.pl\/index.php\/wp-json\/wp\/v2\/users\/1"}],"replies":[{"embeddable":true,"href":"https:\/\/old.pacud.pl\/index.php\/wp-json\/wp\/v2\/comments?post=66"}],"version-history":[{"count":7,"href":"https:\/\/old.pacud.pl\/index.php\/wp-json\/wp\/v2\/pages\/66\/revisions"}],"predecessor-version":[{"id":398,"href":"https:\/\/old.pacud.pl\/index.php\/wp-json\/wp\/v2\/pages\/66\/revisions\/398"}],"up":[{"embeddable":true,"href":"https:\/\/old.pacud.pl\/index.php\/wp-json\/wp\/v2\/pages\/20"}],"wp:attachment":[{"href":"https:\/\/old.pacud.pl\/index.php\/wp-json\/wp\/v2\/media?parent=66"}],"curies":[{"name":"wp","href":"https:\/\/api.w.org\/{rel}","templated":true}]}}